{"id":9640,"date":"2023-05-15T07:55:57","date_gmt":"2023-05-15T07:55:57","guid":{"rendered":"https:\/\/store.rektor.no\/?product=basic-polo-ls-pocket-028235"},"modified":"2023-06-02T13:18:31","modified_gmt":"2023-06-02T13:18:31","slug":"basic-polo-ls-pocket-028235","status":"publish","type":"product","link":"https:\/\/store.rektor.no\/?product=basic-polo-ls-pocket-028235","title":{"rendered":"Basic Polo LS Pocket &#8211; 028235"},"content":{"rendered":"<p>Artikelnummer:028235<\/p>\n","protected":false},"excerpt":{"rendered":"<p>En Basic langermet pique med brystlomme. Unisex- modell med moderne passform. Materialet er i 100 % ringspunnet bomull med forsterket nakkeb\u00e5nd, 3 ton-i-ton knapper og splitt p\u00e5 hver side. Piqueskjorten er forkrympet og enzymbehandlet for en myk og behagelig f\u00f8lelse.<\/p>\n","protected":false},"featured_media":9641,"template":"","meta":[],"product_cat":[106,284,283,278],"product_tag":[],"_links":{"self":[{"href":"https:\/\/store.rektor.no\/index.php?rest_route=\/wp\/v2\/product\/9640"}],"collection":[{"href":"https:\/\/store.rektor.no\/index.php?rest_route=\/wp\/v2\/product"}],"about":[{"href":"https:\/\/store.rektor.no\/index.php?rest_route=\/wp\/v2\/types\/product"}],"wp:featuredmedia":[{"embeddable":true,"href":"https:\/\/store.rektor.no\/index.php?rest_route=\/wp\/v2\/media\/9641"}],"wp:attachment":[{"href":"https:\/\/store.rektor.no\/index.php?rest_route=%2Fwp%2Fv2%2Fmedia&parent=9640"}],"wp:term":[{"taxonomy":"product_cat","embeddable":true,"href":"https:\/\/store.rektor.no\/index.php?rest_route=%2Fwp%2Fv2%2Fproduct_cat&post=9640"},{"taxonomy":"product_tag","embeddable":true,"href":"https:\/\/store.rektor.no\/index.php?rest_route=%2Fwp%2Fv2%2Fproduct_tag&post=9640"}],"curies":[{"name":"wp","href":"https:\/\/api.w.org\/{rel}","templated":true}]}}