{"id":7813,"date":"2023-05-15T07:48:14","date_gmt":"2023-05-15T07:48:14","guid":{"rendered":"https:\/\/store.rektor.no\/?product=ducan-021055"},"modified":"2023-06-02T13:14:13","modified_gmt":"2023-06-02T13:14:13","slug":"ducan-021055","status":"publish","type":"product","link":"https:\/\/store.rektor.no\/?product=ducan-021055","title":{"rendered":"Ducan &#8211; 021055"},"content":{"rendered":"<p>Artikelnummer:021055<\/p>\n","protected":false},"excerpt":{"rendered":"<p>Funksjonell genser med hel glidel\u00e5s, og dekorative flatlocks\u00f8mmer. Hvit kontrastfarge p\u00e5 glidel\u00e5s i front og p\u00e5 erm. Snor nederst for \u00e5 justere passformen. Sidelommer som f\u00f8lger s\u00f8mmen. Du kan velge mellom zip pullers i fire forskjellige farger: oransje, r\u00f8d, svart og hvit, som f\u00f8lger med jakken.<\/p>\n","protected":false},"featured_media":7814,"template":"","meta":[],"product_cat":[106,179,180],"product_tag":[],"_links":{"self":[{"href":"https:\/\/store.rektor.no\/index.php?rest_route=\/wp\/v2\/product\/7813"}],"collection":[{"href":"https:\/\/store.rektor.no\/index.php?rest_route=\/wp\/v2\/product"}],"about":[{"href":"https:\/\/store.rektor.no\/index.php?rest_route=\/wp\/v2\/types\/product"}],"wp:featuredmedia":[{"embeddable":true,"href":"https:\/\/store.rektor.no\/index.php?rest_route=\/wp\/v2\/media\/7814"}],"wp:attachment":[{"href":"https:\/\/store.rektor.no\/index.php?rest_route=%2Fwp%2Fv2%2Fmedia&parent=7813"}],"wp:term":[{"taxonomy":"product_cat","embeddable":true,"href":"https:\/\/store.rektor.no\/index.php?rest_route=%2Fwp%2Fv2%2Fproduct_cat&post=7813"},{"taxonomy":"product_tag","embeddable":true,"href":"https:\/\/store.rektor.no\/index.php?rest_route=%2Fwp%2Fv2%2Fproduct_tag&post=7813"}],"curies":[{"name":"wp","href":"https:\/\/api.w.org\/{rel}","templated":true}]}}