{"id":7739,"date":"2023-05-15T07:47:58","date_gmt":"2023-05-15T07:47:58","guid":{"rendered":"https:\/\/store.rektor.no\/?product=craig-021053"},"modified":"2023-06-02T13:14:05","modified_gmt":"2023-06-02T13:14:05","slug":"craig-021053","status":"publish","type":"product","link":"https:\/\/store.rektor.no\/?product=craig-021053","title":{"rendered":"Craig &#8211; 021053"},"content":{"rendered":"<p>Artikelnummer:021053<\/p>\n","protected":false},"excerpt":{"rendered":"<p>Unisex jakke i strikket struktur med b\u00f8rstet innside. Kontrast stripe i krage, i nedre del og i mansjetter. To lommer i front med kontrast p\u00e5 glidel\u00e5s.<\/p>\n","protected":false},"featured_media":7740,"template":"","meta":[],"product_cat":[106,179,180],"product_tag":[],"_links":{"self":[{"href":"https:\/\/store.rektor.no\/index.php?rest_route=\/wp\/v2\/product\/7739"}],"collection":[{"href":"https:\/\/store.rektor.no\/index.php?rest_route=\/wp\/v2\/product"}],"about":[{"href":"https:\/\/store.rektor.no\/index.php?rest_route=\/wp\/v2\/types\/product"}],"wp:featuredmedia":[{"embeddable":true,"href":"https:\/\/store.rektor.no\/index.php?rest_route=\/wp\/v2\/media\/7740"}],"wp:attachment":[{"href":"https:\/\/store.rektor.no\/index.php?rest_route=%2Fwp%2Fv2%2Fmedia&parent=7739"}],"wp:term":[{"taxonomy":"product_cat","embeddable":true,"href":"https:\/\/store.rektor.no\/index.php?rest_route=%2Fwp%2Fv2%2Fproduct_cat&post=7739"},{"taxonomy":"product_tag","embeddable":true,"href":"https:\/\/store.rektor.no\/index.php?rest_route=%2Fwp%2Fv2%2Fproduct_tag&post=7739"}],"curies":[{"name":"wp","href":"https:\/\/api.w.org\/{rel}","templated":true}]}}