{"id":6082,"date":"2023-05-15T07:41:40","date_gmt":"2023-05-15T07:41:40","guid":{"rendered":"https:\/\/store.rektor.no\/?product=helix-021018-2"},"modified":"2023-05-15T07:41:48","modified_gmt":"2023-05-15T07:41:48","slug":"helix-021018-2","status":"publish","type":"product","link":"https:\/\/store.rektor.no\/?product=helix-021018-2","title":{"rendered":"Helix &#8211; 021018"},"content":{"rendered":"<p>Artikelnummer:021018<\/p>\n","protected":false},"excerpt":{"rendered":"<p>Hettegenser med f\u00f4r i hetten. Kengurulomme og en skjult lomme i sides\u00f8mmen. Raglanermer og 2&#215;2 elastan ribb i sidepaneler, mansjetter og bunnstykket. Nakkeb\u00e5nd med fiskebensm\u00f8nster og flate snorer. L\u00f8sning for hodetelefoner.<\/p>\n","protected":false},"featured_media":3456,"template":"","meta":[],"product_cat":[106,184,179],"product_tag":[],"_links":{"self":[{"href":"https:\/\/store.rektor.no\/index.php?rest_route=\/wp\/v2\/product\/6082"}],"collection":[{"href":"https:\/\/store.rektor.no\/index.php?rest_route=\/wp\/v2\/product"}],"about":[{"href":"https:\/\/store.rektor.no\/index.php?rest_route=\/wp\/v2\/types\/product"}],"wp:featuredmedia":[{"embeddable":true,"href":"https:\/\/store.rektor.no\/index.php?rest_route=\/wp\/v2\/media\/3456"}],"wp:attachment":[{"href":"https:\/\/store.rektor.no\/index.php?rest_route=%2Fwp%2Fv2%2Fmedia&parent=6082"}],"wp:term":[{"taxonomy":"product_cat","embeddable":true,"href":"https:\/\/store.rektor.no\/index.php?rest_route=%2Fwp%2Fv2%2Fproduct_cat&post=6082"},{"taxonomy":"product_tag","embeddable":true,"href":"https:\/\/store.rektor.no\/index.php?rest_route=%2Fwp%2Fv2%2Fproduct_tag&post=6082"}],"curies":[{"name":"wp","href":"https:\/\/api.w.org\/{rel}","templated":true}]}}