{"id":5934,"date":"2023-05-15T07:41:05","date_gmt":"2023-05-15T07:41:05","guid":{"rendered":"https:\/\/store.rektor.no\/?product=basic-active-hoody-fz-021014-2"},"modified":"2023-05-15T07:41:21","modified_gmt":"2023-05-15T07:41:21","slug":"basic-active-hoody-fz-021014-2","status":"publish","type":"product","link":"https:\/\/store.rektor.no\/?product=basic-active-hoody-fz-021014-2","title":{"rendered":"Basic Active Hoody FZ &#8211; 021014"},"content":{"rendered":"<p>Artikelnummer:021014<\/p>\n","protected":false},"excerpt":{"rendered":"<p>Hettejakke med ton-i-ton glidel\u00e5s. To sidelommer med glidel\u00e5s og en glidel\u00e5slomme p\u00e5 ermet. Snor i hette, herringbone nakkeb\u00e5nd og ribb i nedekant og i ermavslutning. Tilpasset for hodetelefoner. Spun dyed. Avtagbar etikett i nakken.<\/p>\n","protected":false},"featured_media":3288,"template":"","meta":[],"product_cat":[106,179,185],"product_tag":[],"_links":{"self":[{"href":"https:\/\/store.rektor.no\/index.php?rest_route=\/wp\/v2\/product\/5934"}],"collection":[{"href":"https:\/\/store.rektor.no\/index.php?rest_route=\/wp\/v2\/product"}],"about":[{"href":"https:\/\/store.rektor.no\/index.php?rest_route=\/wp\/v2\/types\/product"}],"wp:featuredmedia":[{"embeddable":true,"href":"https:\/\/store.rektor.no\/index.php?rest_route=\/wp\/v2\/media\/3288"}],"wp:attachment":[{"href":"https:\/\/store.rektor.no\/index.php?rest_route=%2Fwp%2Fv2%2Fmedia&parent=5934"}],"wp:term":[{"taxonomy":"product_cat","embeddable":true,"href":"https:\/\/store.rektor.no\/index.php?rest_route=%2Fwp%2Fv2%2Fproduct_cat&post=5934"},{"taxonomy":"product_tag","embeddable":true,"href":"https:\/\/store.rektor.no\/index.php?rest_route=%2Fwp%2Fv2%2Fproduct_tag&post=5934"}],"curies":[{"name":"wp","href":"https:\/\/api.w.org\/{rel}","templated":true}]}}