{"id":4892,"date":"2023-05-15T07:37:07","date_gmt":"2023-05-15T07:37:07","guid":{"rendered":"https:\/\/store.rektor.no\/?product=padded-hoody-softshell-020952-2"},"modified":"2023-05-15T07:37:24","modified_gmt":"2023-05-15T07:37:24","slug":"padded-hoody-softshell-020952-2","status":"publish","type":"product","link":"https:\/\/store.rektor.no\/?product=padded-hoody-softshell-020952-2","title":{"rendered":"Padded Hoody Softshell &#8211; 020952"},"content":{"rendered":"<p>Artikelnummer:020952<\/p>\n","protected":false},"excerpt":{"rendered":"<p>Padded Hoody Softshell er en vattert softshelljakke med hette. Jakken har tre ytterlommer med reverserte SBS-glidel\u00e5ser, \u00e9n innerlomme, broderingslomme, svart f\u00f4r og avtagbar etikett.<\/p>\n","protected":false},"featured_media":2097,"template":"","meta":[],"product_cat":[106,107,108],"product_tag":[],"_links":{"self":[{"href":"https:\/\/store.rektor.no\/index.php?rest_route=\/wp\/v2\/product\/4892"}],"collection":[{"href":"https:\/\/store.rektor.no\/index.php?rest_route=\/wp\/v2\/product"}],"about":[{"href":"https:\/\/store.rektor.no\/index.php?rest_route=\/wp\/v2\/types\/product"}],"wp:featuredmedia":[{"embeddable":true,"href":"https:\/\/store.rektor.no\/index.php?rest_route=\/wp\/v2\/media\/2097"}],"wp:attachment":[{"href":"https:\/\/store.rektor.no\/index.php?rest_route=%2Fwp%2Fv2%2Fmedia&parent=4892"}],"wp:term":[{"taxonomy":"product_cat","embeddable":true,"href":"https:\/\/store.rektor.no\/index.php?rest_route=%2Fwp%2Fv2%2Fproduct_cat&post=4892"},{"taxonomy":"product_tag","embeddable":true,"href":"https:\/\/store.rektor.no\/index.php?rest_route=%2Fwp%2Fv2%2Fproduct_tag&post=4892"}],"curies":[{"name":"wp","href":"https:\/\/api.w.org\/{rel}","templated":true}]}}