{"id":4212,"date":"2023-05-15T07:34:35","date_gmt":"2023-05-15T07:34:35","guid":{"rendered":"https:\/\/store.rektor.no\/?product=sebring-020902-2"},"modified":"2023-05-15T07:34:43","modified_gmt":"2023-05-15T07:34:43","slug":"sebring-020902-2","status":"publish","type":"product","link":"https:\/\/store.rektor.no\/?product=sebring-020902-2","title":{"rendered":"Sebring &#8211; 020902"},"content":{"rendered":"<p>Artikelnummer:020902<\/p>\n","protected":false},"excerpt":{"rendered":"<p>Unisex trekking bukser hvor midje og ben kan justeres for maksimal fleksibilitet. Mesh linning og SBS glidel\u00e5ser p\u00e5 siden, benlommer og vents. Tapede s\u00f8mmer og luftzip p\u00e5 kneet for ventilasjon. Passer perfekt med Stafford jakken.<\/p>\n","protected":false},"featured_media":1307,"template":"","meta":[],"product_cat":[106,124,123],"product_tag":[],"_links":{"self":[{"href":"https:\/\/store.rektor.no\/index.php?rest_route=\/wp\/v2\/product\/4212"}],"collection":[{"href":"https:\/\/store.rektor.no\/index.php?rest_route=\/wp\/v2\/product"}],"about":[{"href":"https:\/\/store.rektor.no\/index.php?rest_route=\/wp\/v2\/types\/product"}],"wp:featuredmedia":[{"embeddable":true,"href":"https:\/\/store.rektor.no\/index.php?rest_route=\/wp\/v2\/media\/1307"}],"wp:attachment":[{"href":"https:\/\/store.rektor.no\/index.php?rest_route=%2Fwp%2Fv2%2Fmedia&parent=4212"}],"wp:term":[{"taxonomy":"product_cat","embeddable":true,"href":"https:\/\/store.rektor.no\/index.php?rest_route=%2Fwp%2Fv2%2Fproduct_cat&post=4212"},{"taxonomy":"product_tag","embeddable":true,"href":"https:\/\/store.rektor.no\/index.php?rest_route=%2Fwp%2Fv2%2Fproduct_tag&post=4212"}],"curies":[{"name":"wp","href":"https:\/\/api.w.org\/{rel}","templated":true}]}}