{"id":3637,"date":"2023-05-15T07:32:29","date_gmt":"2023-05-15T07:32:29","guid":{"rendered":"https:\/\/store.rektor.no\/?product=idaho-junior-0200905-2"},"modified":"2023-05-15T07:32:32","modified_gmt":"2023-05-15T07:32:32","slug":"idaho-junior-0200905-2","status":"publish","type":"product","link":"https:\/\/store.rektor.no\/?product=idaho-junior-0200905-2","title":{"rendered":"Idaho Junior &#8211; 0200905"},"content":{"rendered":"<p>Artikelnummer:0200905<\/p>\n","protected":false},"excerpt":{"rendered":"<p>En varm, men likevel lett jakke med dunlignende vattering. Laget av 100 % resirkulert polyamid. Barnesikker avtagbar hette, tre utvendige lommer med glidel\u00e5s, og to innerlommer. Elastisk teip i nederkant og p\u00e5 ermeavslutningene. Leveres med farget stropp (til oppheng), \u00f8retelefonl\u00f8sning og glidel\u00e5strekkere.<\/p>\n","protected":false},"featured_media":24,"template":"","meta":[],"product_cat":[106,107,109],"product_tag":[],"_links":{"self":[{"href":"https:\/\/store.rektor.no\/index.php?rest_route=\/wp\/v2\/product\/3637"}],"collection":[{"href":"https:\/\/store.rektor.no\/index.php?rest_route=\/wp\/v2\/product"}],"about":[{"href":"https:\/\/store.rektor.no\/index.php?rest_route=\/wp\/v2\/types\/product"}],"wp:featuredmedia":[{"embeddable":true,"href":"https:\/\/store.rektor.no\/index.php?rest_route=\/wp\/v2\/media\/24"}],"wp:attachment":[{"href":"https:\/\/store.rektor.no\/index.php?rest_route=%2Fwp%2Fv2%2Fmedia&parent=3637"}],"wp:term":[{"taxonomy":"product_cat","embeddable":true,"href":"https:\/\/store.rektor.no\/index.php?rest_route=%2Fwp%2Fv2%2Fproduct_cat&post=3637"},{"taxonomy":"product_tag","embeddable":true,"href":"https:\/\/store.rektor.no\/index.php?rest_route=%2Fwp%2Fv2%2Fproduct_tag&post=3637"}],"curies":[{"name":"wp","href":"https:\/\/api.w.org\/{rel}","templated":true}]}}