{"id":3125,"date":"2023-05-12T13:11:48","date_gmt":"2023-05-12T13:11:48","guid":{"rendered":"https:\/\/store.rektor.no\/?product=basic-active-roundneck-021010"},"modified":"2023-06-02T13:09:21","modified_gmt":"2023-06-02T13:09:21","slug":"basic-active-roundneck-021010","status":"publish","type":"product","link":"https:\/\/store.rektor.no\/?product=basic-active-roundneck-021010","title":{"rendered":"Basic Active Roundneck &#8211; 021010"},"content":{"rendered":"<p>Artikelnummer:021010<\/p>\n","protected":false},"excerpt":{"rendered":"<p>Sweatshirt i unisexmodell. Lomme p\u00e5 ermet med ton i ton glidel\u00e5s. Herringbone nakkeb\u00e5nd og ribb i nedekant og ermavslutning. Spun dyed. Avtagbar etikett i nakken.<\/p>\n","protected":false},"featured_media":3126,"template":"","meta":[],"product_cat":[106,179,180],"product_tag":[],"_links":{"self":[{"href":"https:\/\/store.rektor.no\/index.php?rest_route=\/wp\/v2\/product\/3125"}],"collection":[{"href":"https:\/\/store.rektor.no\/index.php?rest_route=\/wp\/v2\/product"}],"about":[{"href":"https:\/\/store.rektor.no\/index.php?rest_route=\/wp\/v2\/types\/product"}],"wp:featuredmedia":[{"embeddable":true,"href":"https:\/\/store.rektor.no\/index.php?rest_route=\/wp\/v2\/media\/3126"}],"wp:attachment":[{"href":"https:\/\/store.rektor.no\/index.php?rest_route=%2Fwp%2Fv2%2Fmedia&parent=3125"}],"wp:term":[{"taxonomy":"product_cat","embeddable":true,"href":"https:\/\/store.rektor.no\/index.php?rest_route=%2Fwp%2Fv2%2Fproduct_cat&post=3125"},{"taxonomy":"product_tag","embeddable":true,"href":"https:\/\/store.rektor.no\/index.php?rest_route=%2Fwp%2Fv2%2Fproduct_tag&post=3125"}],"curies":[{"name":"wp","href":"https:\/\/api.w.org\/{rel}","templated":true}]}}