{"id":2384,"date":"2023-05-12T13:09:11","date_gmt":"2023-05-12T13:09:11","guid":{"rendered":"https:\/\/store.rektor.no\/?product=hardy-020964"},"modified":"2023-06-02T13:07:32","modified_gmt":"2023-06-02T13:07:32","slug":"hardy-020964","status":"publish","type":"product","link":"https:\/\/store.rektor.no\/?product=hardy-020964","title":{"rendered":"Hardy &#8211; 020964"},"content":{"rendered":"<p>Artikelnummer:020964<\/p>\n","protected":false},"excerpt":{"rendered":"<p>Moderne vindjakke med hette og dekorative glidel\u00e5ser i metallook. Meshf\u00f4r p\u00e5 innsiden. Kontraststripe rundt hette og ermene. Refleks index 250.<\/p>\n","protected":false},"featured_media":2385,"template":"","meta":[],"product_cat":[106,107,114],"product_tag":[],"_links":{"self":[{"href":"https:\/\/store.rektor.no\/index.php?rest_route=\/wp\/v2\/product\/2384"}],"collection":[{"href":"https:\/\/store.rektor.no\/index.php?rest_route=\/wp\/v2\/product"}],"about":[{"href":"https:\/\/store.rektor.no\/index.php?rest_route=\/wp\/v2\/types\/product"}],"wp:featuredmedia":[{"embeddable":true,"href":"https:\/\/store.rektor.no\/index.php?rest_route=\/wp\/v2\/media\/2385"}],"wp:attachment":[{"href":"https:\/\/store.rektor.no\/index.php?rest_route=%2Fwp%2Fv2%2Fmedia&parent=2384"}],"wp:term":[{"taxonomy":"product_cat","embeddable":true,"href":"https:\/\/store.rektor.no\/index.php?rest_route=%2Fwp%2Fv2%2Fproduct_cat&post=2384"},{"taxonomy":"product_tag","embeddable":true,"href":"https:\/\/store.rektor.no\/index.php?rest_route=%2Fwp%2Fv2%2Fproduct_tag&post=2384"}],"curies":[{"name":"wp","href":"https:\/\/api.w.org\/{rel}","templated":true}]}}