{"id":2066,"date":"2023-05-12T13:08:03","date_gmt":"2023-05-12T13:08:03","guid":{"rendered":"https:\/\/store.rektor.no\/?product=utah-jacket-020942"},"modified":"2023-06-02T13:06:52","modified_gmt":"2023-06-02T13:06:52","slug":"utah-jacket-020942","status":"publish","type":"product","link":"https:\/\/store.rektor.no\/?product=utah-jacket-020942","title":{"rendered":"Utah Jacket &#8211; 020942"},"content":{"rendered":"<p>Artikelnummer:020942<\/p>\n","protected":false},"excerpt":{"rendered":"<p>En moderne lett vattert jakke. Farge 949 har store reflekterende detaljer. Hovedglidel\u00e5s og to sidelommer med vanntette glidel\u00e5ser. Inkluderer en smart \u00f8retelefonl\u00f8sning og avtagbar etikett i nakken.<\/p>\n","protected":false},"featured_media":2067,"template":"","meta":[],"product_cat":[106,107,109],"product_tag":[],"_links":{"self":[{"href":"https:\/\/store.rektor.no\/index.php?rest_route=\/wp\/v2\/product\/2066"}],"collection":[{"href":"https:\/\/store.rektor.no\/index.php?rest_route=\/wp\/v2\/product"}],"about":[{"href":"https:\/\/store.rektor.no\/index.php?rest_route=\/wp\/v2\/types\/product"}],"wp:featuredmedia":[{"embeddable":true,"href":"https:\/\/store.rektor.no\/index.php?rest_route=\/wp\/v2\/media\/2067"}],"wp:attachment":[{"href":"https:\/\/store.rektor.no\/index.php?rest_route=%2Fwp%2Fv2%2Fmedia&parent=2066"}],"wp:term":[{"taxonomy":"product_cat","embeddable":true,"href":"https:\/\/store.rektor.no\/index.php?rest_route=%2Fwp%2Fv2%2Fproduct_cat&post=2066"},{"taxonomy":"product_tag","embeddable":true,"href":"https:\/\/store.rektor.no\/index.php?rest_route=%2Fwp%2Fv2%2Fproduct_tag&post=2066"}],"curies":[{"name":"wp","href":"https:\/\/api.w.org\/{rel}","templated":true}]}}