{"id":15382,"date":"2023-06-02T13:33:51","date_gmt":"2023-06-02T13:33:51","guid":{"rendered":"https:\/\/store.rektor.no\/?product=eaton-branded-13h4026"},"modified":"2023-06-02T13:33:55","modified_gmt":"2023-06-02T13:33:55","slug":"eaton-branded-13h4026","status":"publish","type":"product","link":"https:\/\/store.rektor.no\/?product=eaton-branded-13h4026","title":{"rendered":"Eaton Branded &#8211; 13H4026"},"content":{"rendered":"<p>Artikelnummer:13H4026<\/p>\n","protected":false},"excerpt":{"rendered":"<p>V\u00e5r beste pique n\u00e5 med mange pene merkinger og applikasjonener i maritim stil. Moderne passform og ny strikketeknikk garanterer h\u00f8y komfort og formstabilitet. Ekstra kraftig krage med nakkeb\u00e5nd og forsterket utside. Knappestolpe med tre knapper samt mansjett. Dek\u00f3rs\u00f8mmer i overlock og forsterket nederkant. Finnes i dame- og herremodell. Damemodellen har fold ved brystet.<\/p>\n","protected":false},"featured_media":15383,"template":"","meta":[],"product_cat":[439,437],"product_tag":[],"_links":{"self":[{"href":"https:\/\/store.rektor.no\/index.php?rest_route=\/wp\/v2\/product\/15382"}],"collection":[{"href":"https:\/\/store.rektor.no\/index.php?rest_route=\/wp\/v2\/product"}],"about":[{"href":"https:\/\/store.rektor.no\/index.php?rest_route=\/wp\/v2\/types\/product"}],"wp:featuredmedia":[{"embeddable":true,"href":"https:\/\/store.rektor.no\/index.php?rest_route=\/wp\/v2\/media\/15383"}],"wp:attachment":[{"href":"https:\/\/store.rektor.no\/index.php?rest_route=%2Fwp%2Fv2%2Fmedia&parent=15382"}],"wp:term":[{"taxonomy":"product_cat","embeddable":true,"href":"https:\/\/store.rektor.no\/index.php?rest_route=%2Fwp%2Fv2%2Fproduct_cat&post=15382"},{"taxonomy":"product_tag","embeddable":true,"href":"https:\/\/store.rektor.no\/index.php?rest_route=%2Fwp%2Fv2%2Fproduct_tag&post=15382"}],"curies":[{"name":"wp","href":"https:\/\/api.w.org\/{rel}","templated":true}]}}