{"id":15372,"date":"2023-06-02T13:33:24","date_gmt":"2023-06-02T13:33:24","guid":{"rendered":"https:\/\/store.rektor.no\/?product=melton-lady-vest-139043"},"modified":"2023-06-02T13:33:31","modified_gmt":"2023-06-02T13:33:31","slug":"melton-lady-vest-139043","status":"publish","type":"product","link":"https:\/\/store.rektor.no\/?product=melton-lady-vest-139043","title":{"rendered":"Melton Lady Vest &#8211; 139043"},"content":{"rendered":"<p>Artikelnummer:139043<\/p>\n","protected":false},"excerpt":{"rendered":"<p>Behagelig microfleece-vest. Perfekt som lag-2. Hel glidel\u00e5s og lommer med tofarget YKK-glidel\u00e5ser. Framfyttet side- og erms\u00f8m for god passform. Dekorativ strikk i flatlock og ribb i nederkant og ermer. Alt ton-i-ton.<\/p>\n","protected":false},"featured_media":15373,"template":"","meta":[],"product_cat":[449,451],"product_tag":[],"_links":{"self":[{"href":"https:\/\/store.rektor.no\/index.php?rest_route=\/wp\/v2\/product\/15372"}],"collection":[{"href":"https:\/\/store.rektor.no\/index.php?rest_route=\/wp\/v2\/product"}],"about":[{"href":"https:\/\/store.rektor.no\/index.php?rest_route=\/wp\/v2\/types\/product"}],"wp:featuredmedia":[{"embeddable":true,"href":"https:\/\/store.rektor.no\/index.php?rest_route=\/wp\/v2\/media\/15373"}],"wp:attachment":[{"href":"https:\/\/store.rektor.no\/index.php?rest_route=%2Fwp%2Fv2%2Fmedia&parent=15372"}],"wp:term":[{"taxonomy":"product_cat","embeddable":true,"href":"https:\/\/store.rektor.no\/index.php?rest_route=%2Fwp%2Fv2%2Fproduct_cat&post=15372"},{"taxonomy":"product_tag","embeddable":true,"href":"https:\/\/store.rektor.no\/index.php?rest_route=%2Fwp%2Fv2%2Fproduct_tag&post=15372"}],"curies":[{"name":"wp","href":"https:\/\/api.w.org\/{rel}","templated":true}]}}