{"id":15254,"date":"2023-06-02T13:30:07","date_gmt":"2023-06-02T13:30:07","guid":{"rendered":"https:\/\/store.rektor.no\/?product=carlton-hill-lady-131033"},"modified":"2023-06-02T13:30:12","modified_gmt":"2023-06-02T13:30:12","slug":"carlton-hill-lady-131033","status":"publish","type":"product","link":"https:\/\/store.rektor.no\/?product=carlton-hill-lady-131033","title":{"rendered":"Carlton Hill Lady &#8211; 131033"},"content":{"rendered":"<p>Artikelnummer:131033<\/p>\n","protected":false},"excerpt":{"rendered":"<p>Sportslig parkasmodell i vind- og vannavvisende materiale (WP 3000\/MVP 3000). Helf\u00f4ret med forlenget rygg og snor i midjen.  Mansjetter p\u00e5 ermene og p\u00e5 innsiden av kragen for god komfort. Knappestolpe med trykknapper samt kraftig glidel\u00e5s i front og p\u00e5 brystlomme. To lommer i front, to lommer p\u00e5 innsiden og avtagbar og justerbar hette.<\/p>\n","protected":false},"featured_media":15255,"template":"","meta":[],"product_cat":[412,408],"product_tag":[],"_links":{"self":[{"href":"https:\/\/store.rektor.no\/index.php?rest_route=\/wp\/v2\/product\/15254"}],"collection":[{"href":"https:\/\/store.rektor.no\/index.php?rest_route=\/wp\/v2\/product"}],"about":[{"href":"https:\/\/store.rektor.no\/index.php?rest_route=\/wp\/v2\/types\/product"}],"wp:featuredmedia":[{"embeddable":true,"href":"https:\/\/store.rektor.no\/index.php?rest_route=\/wp\/v2\/media\/15255"}],"wp:attachment":[{"href":"https:\/\/store.rektor.no\/index.php?rest_route=%2Fwp%2Fv2%2Fmedia&parent=15254"}],"wp:term":[{"taxonomy":"product_cat","embeddable":true,"href":"https:\/\/store.rektor.no\/index.php?rest_route=%2Fwp%2Fv2%2Fproduct_cat&post=15254"},{"taxonomy":"product_tag","embeddable":true,"href":"https:\/\/store.rektor.no\/index.php?rest_route=%2Fwp%2Fv2%2Fproduct_tag&post=15254"}],"curies":[{"name":"wp","href":"https:\/\/api.w.org\/{rel}","templated":true}]}}