{"id":15250,"date":"2023-06-02T13:30:03","date_gmt":"2023-06-02T13:30:03","guid":{"rendered":"https:\/\/store.rektor.no\/?product=mckenzie-131031"},"modified":"2023-06-02T13:30:08","modified_gmt":"2023-06-02T13:30:08","slug":"mckenzie-131031","status":"publish","type":"product","link":"https:\/\/store.rektor.no\/?product=mckenzie-131031","title":{"rendered":"McKenzie &#8211; 131031"},"content":{"rendered":"<p>Artikelnummer:131031<\/p>\n","protected":false},"excerpt":{"rendered":"<p>Sportslig jakke i klassisk snitt med fleecef\u00f4r i kroppen. Erm med tynn vattering og f\u00f4r, samt en tynn strikk i ermavslutningen. Hel glidel\u00e5s med diskret dekorstripe i kontrastfarge som ogs\u00e5 finnes p\u00e5 kragen samt rundt lommene. Forb\u00f8yde ermer som er justerbare og snor i nederkant. To sidelommer samt to lommer p\u00e5 innsiden &#8211;  alle med glidel\u00e5s.<\/p>\n","protected":false},"featured_media":15251,"template":"","meta":[],"product_cat":[409,408],"product_tag":[],"_links":{"self":[{"href":"https:\/\/store.rektor.no\/index.php?rest_route=\/wp\/v2\/product\/15250"}],"collection":[{"href":"https:\/\/store.rektor.no\/index.php?rest_route=\/wp\/v2\/product"}],"about":[{"href":"https:\/\/store.rektor.no\/index.php?rest_route=\/wp\/v2\/types\/product"}],"wp:featuredmedia":[{"embeddable":true,"href":"https:\/\/store.rektor.no\/index.php?rest_route=\/wp\/v2\/media\/15251"}],"wp:attachment":[{"href":"https:\/\/store.rektor.no\/index.php?rest_route=%2Fwp%2Fv2%2Fmedia&parent=15250"}],"wp:term":[{"taxonomy":"product_cat","embeddable":true,"href":"https:\/\/store.rektor.no\/index.php?rest_route=%2Fwp%2Fv2%2Fproduct_cat&post=15250"},{"taxonomy":"product_tag","embeddable":true,"href":"https:\/\/store.rektor.no\/index.php?rest_route=%2Fwp%2Fv2%2Fproduct_tag&post=15250"}],"curies":[{"name":"wp","href":"https:\/\/api.w.org\/{rel}","templated":true}]}}