{"id":15240,"date":"2023-06-02T13:29:50","date_gmt":"2023-06-02T13:29:50","guid":{"rendered":"https:\/\/store.rektor.no\/?product=gosford-131022"},"modified":"2023-06-02T13:29:53","modified_gmt":"2023-06-02T13:29:53","slug":"gosford-131022","status":"publish","type":"product","link":"https:\/\/store.rektor.no\/?product=gosford-131022","title":{"rendered":"Gosford &#8211; 131022"},"content":{"rendered":"<p>Artikelnummer:131022<\/p>\n","protected":false},"excerpt":{"rendered":"<p>Jakke i et spennende materiale med vevd stretchstoff p\u00e5 utsiden og microfleece med struktur p\u00e5 innsiden. Materialet er vind- og vannavst\u00f8tende med pustefunksjon (WP 5000\/MVP 5000). H\u00f8y fleecef\u00f5ret krage med smart l\u00f8sning med skjult hette. To framlommer. Formsydde ermer med regulerbare mansjetter. Godt utarbeidet ogs\u00e5 p\u00e5 innsiden.<\/p>\n","protected":false},"featured_media":15241,"template":"","meta":[],"product_cat":[409,408],"product_tag":[],"_links":{"self":[{"href":"https:\/\/store.rektor.no\/index.php?rest_route=\/wp\/v2\/product\/15240"}],"collection":[{"href":"https:\/\/store.rektor.no\/index.php?rest_route=\/wp\/v2\/product"}],"about":[{"href":"https:\/\/store.rektor.no\/index.php?rest_route=\/wp\/v2\/types\/product"}],"wp:featuredmedia":[{"embeddable":true,"href":"https:\/\/store.rektor.no\/index.php?rest_route=\/wp\/v2\/media\/15241"}],"wp:attachment":[{"href":"https:\/\/store.rektor.no\/index.php?rest_route=%2Fwp%2Fv2%2Fmedia&parent=15240"}],"wp:term":[{"taxonomy":"product_cat","embeddable":true,"href":"https:\/\/store.rektor.no\/index.php?rest_route=%2Fwp%2Fv2%2Fproduct_cat&post=15240"},{"taxonomy":"product_tag","embeddable":true,"href":"https:\/\/store.rektor.no\/index.php?rest_route=%2Fwp%2Fv2%2Fproduct_tag&post=15240"}],"curies":[{"name":"wp","href":"https:\/\/api.w.org\/{rel}","templated":true}]}}