{"id":15228,"date":"2023-06-02T13:29:35","date_gmt":"2023-06-02T13:29:35","guid":{"rendered":"https:\/\/store.rektor.no\/?product=peak-hill-131016"},"modified":"2023-06-02T13:29:36","modified_gmt":"2023-06-02T13:29:36","slug":"peak-hill-131016","status":"publish","type":"product","link":"https:\/\/store.rektor.no\/?product=peak-hill-131016","title":{"rendered":"Peak Hill &#8211; 131016"},"content":{"rendered":"<p>Artikelnummer:131016<\/p>\n","protected":false},"excerpt":{"rendered":"<p>F\u00f4ret jakke i parkasmodell. Materialets unike egenskap er \u00e5 holde en jevn temperatur p\u00e5 32 grader! Jakken er vind- og vannavst\u00f8tende og har pustende egenskaper. Store ytterlommer med sidelommer og innerlomme. To brystlommer p\u00e5 skr\u00e5, lomme p\u00e5 erm med vanntett glidel\u00e5s. Skjulte mansjetter i elastisk ribb p\u00e5 ermene, elastisk sn\u00f8ring med stopper i nederkant. Avtakbar og regulerbar hette. Finnes i dame- og herremodell.<\/p>\n","protected":false},"featured_media":15229,"template":"","meta":[],"product_cat":[412,408],"product_tag":[],"_links":{"self":[{"href":"https:\/\/store.rektor.no\/index.php?rest_route=\/wp\/v2\/product\/15228"}],"collection":[{"href":"https:\/\/store.rektor.no\/index.php?rest_route=\/wp\/v2\/product"}],"about":[{"href":"https:\/\/store.rektor.no\/index.php?rest_route=\/wp\/v2\/types\/product"}],"wp:featuredmedia":[{"embeddable":true,"href":"https:\/\/store.rektor.no\/index.php?rest_route=\/wp\/v2\/media\/15229"}],"wp:attachment":[{"href":"https:\/\/store.rektor.no\/index.php?rest_route=%2Fwp%2Fv2%2Fmedia&parent=15228"}],"wp:term":[{"taxonomy":"product_cat","embeddable":true,"href":"https:\/\/store.rektor.no\/index.php?rest_route=%2Fwp%2Fv2%2Fproduct_cat&post=15228"},{"taxonomy":"product_tag","embeddable":true,"href":"https:\/\/store.rektor.no\/index.php?rest_route=%2Fwp%2Fv2%2Fproduct_tag&post=15228"}],"curies":[{"name":"wp","href":"https:\/\/api.w.org\/{rel}","templated":true}]}}