{"id":15212,"date":"2023-06-02T13:29:09","date_gmt":"2023-06-02T13:29:09","guid":{"rendered":"https:\/\/store.rektor.no\/?product=street-2-0-04014417"},"modified":"2023-06-02T13:29:13","modified_gmt":"2023-06-02T13:29:13","slug":"street-2-0-04014417","status":"publish","type":"product","link":"https:\/\/store.rektor.no\/?product=street-2-0-04014417","title":{"rendered":"Street 2.0 &#8211; 04014417"},"content":{"rendered":"<p>Artikelnummer:04014417<\/p>\n","protected":false},"excerpt":{"rendered":"<p>IKKE LAGERVARE &#8211; OPPGITT PRIS ER MINIMUM v\/ 150 STK. <\/p>\n<p>Caps i ub\u00f8rstet bomullstwill med flat skjerm og snapbackspenne. Farger kan kombineres valgfritt p\u00e5 paneler, skjerm, sandwich og knapp. Valgfri farge p\u00e5 s\u00f8mmer \/ luftehull uten ekstra kostnad.<br \/>\nBroderi opptil 8000 sting og broderi bak opptil 2000 sting, eller vevd etikett opptil 4 x 4 cm og et broderi bak opptil 2000 sting.<\/p>\n<p>MERK!<br \/>\nMinimumsantall 150 stk.<br \/>\nPrisforesp\u00f8rsel og bestilling m\u00e5 sendes til spesial@newwave.no.<br \/>\nLegg ved logo for utarbeidelse av pristilbud og skisseforslag.<\/p>\n<p>Mer informasjon finnes i spesialkatalogen.<\/p>\n","protected":false},"featured_media":15213,"template":"","meta":[],"product_cat":[398,397],"product_tag":[],"_links":{"self":[{"href":"https:\/\/store.rektor.no\/index.php?rest_route=\/wp\/v2\/product\/15212"}],"collection":[{"href":"https:\/\/store.rektor.no\/index.php?rest_route=\/wp\/v2\/product"}],"about":[{"href":"https:\/\/store.rektor.no\/index.php?rest_route=\/wp\/v2\/types\/product"}],"wp:featuredmedia":[{"embeddable":true,"href":"https:\/\/store.rektor.no\/index.php?rest_route=\/wp\/v2\/media\/15213"}],"wp:attachment":[{"href":"https:\/\/store.rektor.no\/index.php?rest_route=%2Fwp%2Fv2%2Fmedia&parent=15212"}],"wp:term":[{"taxonomy":"product_cat","embeddable":true,"href":"https:\/\/store.rektor.no\/index.php?rest_route=%2Fwp%2Fv2%2Fproduct_cat&post=15212"},{"taxonomy":"product_tag","embeddable":true,"href":"https:\/\/store.rektor.no\/index.php?rest_route=%2Fwp%2Fv2%2Fproduct_tag&post=15212"}],"curies":[{"name":"wp","href":"https:\/\/api.w.org\/{rel}","templated":true}]}}