{"id":15193,"date":"2023-06-02T13:16:37","date_gmt":"2023-06-02T13:16:37","guid":{"rendered":"https:\/\/store.rektor.no\/?product=zip-puller-50-p-024201"},"modified":"2023-06-02T13:16:38","modified_gmt":"2023-06-02T13:16:38","slug":"zip-puller-50-p-024201","status":"publish","type":"product","link":"https:\/\/store.rektor.no\/?product=zip-puller-50-p-024201","title":{"rendered":"Zip Puller 50-p &#8211; 024201"},"content":{"rendered":"<p>Artikelnummer:024201<\/p>\n","protected":false},"excerpt":{"rendered":"<p>Basic Zip-puller for \u00e5 mikse og matche din logo. Passer til v\u00e5re modeller med glidel\u00e5s.<\/p>\n","protected":false},"featured_media":15194,"template":"","meta":[],"product_cat":[390,389],"product_tag":[],"_links":{"self":[{"href":"https:\/\/store.rektor.no\/index.php?rest_route=\/wp\/v2\/product\/15193"}],"collection":[{"href":"https:\/\/store.rektor.no\/index.php?rest_route=\/wp\/v2\/product"}],"about":[{"href":"https:\/\/store.rektor.no\/index.php?rest_route=\/wp\/v2\/types\/product"}],"wp:featuredmedia":[{"embeddable":true,"href":"https:\/\/store.rektor.no\/index.php?rest_route=\/wp\/v2\/media\/15194"}],"wp:attachment":[{"href":"https:\/\/store.rektor.no\/index.php?rest_route=%2Fwp%2Fv2%2Fmedia&parent=15193"}],"wp:term":[{"taxonomy":"product_cat","embeddable":true,"href":"https:\/\/store.rektor.no\/index.php?rest_route=%2Fwp%2Fv2%2Fproduct_cat&post=15193"},{"taxonomy":"product_tag","embeddable":true,"href":"https:\/\/store.rektor.no\/index.php?rest_route=%2Fwp%2Fv2%2Fproduct_tag&post=15193"}],"curies":[{"name":"wp","href":"https:\/\/api.w.org\/{rel}","templated":true}]}}