{"id":14191,"date":"2023-05-15T08:16:07","date_gmt":"2023-05-15T08:16:07","guid":{"rendered":"https:\/\/store.rektor.no\/?product=prestige-trolley-040314"},"modified":"2023-06-02T13:29:27","modified_gmt":"2023-06-02T13:29:27","slug":"prestige-trolley-040314","status":"publish","type":"product","link":"https:\/\/store.rektor.no\/?product=prestige-trolley-040314","title":{"rendered":"Prestige Trolley &#8211; 040314"},"content":{"rendered":"<p>Artikelnummer:040314<\/p>\n","protected":false},"excerpt":{"rendered":"<p>Egnet som h\u00e5ndbagasje iht. IATA, den perfekte trolley \u00e5 ha med seg p\u00e5 reise. Stort hovedrom med SBS-glidel\u00e5s, f\u00f4ret og har stropper for \u00e5 holde eiendelene dine p\u00e5 et sted mens du er p\u00e5 farten. Utvendig frontlomme, to hjul og h\u00e5ndtak som gj\u00f8r den lett og man\u00f8vrerbart. Topp, bunn og sider PU-belagt for \u00e5 gj\u00f8re den ekstra slitesterk. Kommer med et stoff-f\u00f4ret b\u00e6reh\u00e5ndtak.M\u00e5l: 35x54x19 \u2248 32 liter.Vekt p\u00e5 koffert; 1,8kg<\/p>\n","protected":false},"featured_media":14192,"template":"","meta":[],"product_cat":[364,349,348],"product_tag":[],"_links":{"self":[{"href":"https:\/\/store.rektor.no\/index.php?rest_route=\/wp\/v2\/product\/14191"}],"collection":[{"href":"https:\/\/store.rektor.no\/index.php?rest_route=\/wp\/v2\/product"}],"about":[{"href":"https:\/\/store.rektor.no\/index.php?rest_route=\/wp\/v2\/types\/product"}],"wp:featuredmedia":[{"embeddable":true,"href":"https:\/\/store.rektor.no\/index.php?rest_route=\/wp\/v2\/media\/14192"}],"wp:attachment":[{"href":"https:\/\/store.rektor.no\/index.php?rest_route=%2Fwp%2Fv2%2Fmedia&parent=14191"}],"wp:term":[{"taxonomy":"product_cat","embeddable":true,"href":"https:\/\/store.rektor.no\/index.php?rest_route=%2Fwp%2Fv2%2Fproduct_cat&post=14191"},{"taxonomy":"product_tag","embeddable":true,"href":"https:\/\/store.rektor.no\/index.php?rest_route=%2Fwp%2Fv2%2Fproduct_tag&post=14191"}],"curies":[{"name":"wp","href":"https:\/\/api.w.org\/{rel}","templated":true}]}}