{"id":14177,"date":"2023-05-15T08:16:07","date_gmt":"2023-05-15T08:16:07","guid":{"rendered":"https:\/\/store.rektor.no\/?product=melange-daypack-040301"},"modified":"2023-06-02T13:29:26","modified_gmt":"2023-06-02T13:29:26","slug":"melange-daypack-040301","status":"publish","type":"product","link":"https:\/\/store.rektor.no\/?product=melange-daypack-040301","title":{"rendered":"Melange Daypack &#8211; 040301"},"content":{"rendered":"<p>Artikelnummer:040301<\/p>\n","protected":false},"excerpt":{"rendered":"<p>En stilig hverdagsbag med SBS glidel\u00e5s, hovedrom med reim og ytterlomme. En \u00e5pen sidelomme gir ekstra lagringsplass. Kommer med b\u00e6reh\u00e5ndtak og lett polstrede og justerbare skulderstropper.M\u00e5l: 28x42x12 cm \u2248 12 liter.<\/p>\n","protected":false},"featured_media":14178,"template":"","meta":[],"product_cat":[364,349,348],"product_tag":[],"_links":{"self":[{"href":"https:\/\/store.rektor.no\/index.php?rest_route=\/wp\/v2\/product\/14177"}],"collection":[{"href":"https:\/\/store.rektor.no\/index.php?rest_route=\/wp\/v2\/product"}],"about":[{"href":"https:\/\/store.rektor.no\/index.php?rest_route=\/wp\/v2\/types\/product"}],"wp:featuredmedia":[{"embeddable":true,"href":"https:\/\/store.rektor.no\/index.php?rest_route=\/wp\/v2\/media\/14178"}],"wp:attachment":[{"href":"https:\/\/store.rektor.no\/index.php?rest_route=%2Fwp%2Fv2%2Fmedia&parent=14177"}],"wp:term":[{"taxonomy":"product_cat","embeddable":true,"href":"https:\/\/store.rektor.no\/index.php?rest_route=%2Fwp%2Fv2%2Fproduct_cat&post=14177"},{"taxonomy":"product_tag","embeddable":true,"href":"https:\/\/store.rektor.no\/index.php?rest_route=%2Fwp%2Fv2%2Fproduct_tag&post=14177"}],"curies":[{"name":"wp","href":"https:\/\/api.w.org\/{rel}","templated":true}]}}