{"id":14175,"date":"2023-05-15T08:16:07","date_gmt":"2023-05-15T08:16:07","guid":{"rendered":"https:\/\/store.rektor.no\/?product=2-0-combi-bag-040250"},"modified":"2023-06-02T13:29:26","modified_gmt":"2023-06-02T13:29:26","slug":"2-0-combi-bag-040250","status":"publish","type":"product","link":"https:\/\/store.rektor.no\/?product=2-0-combi-bag-040250","title":{"rendered":"2.0 Combi Bag &#8211; 040250"},"content":{"rendered":"<p>Artikelnummer:040250<\/p>\n","protected":false},"excerpt":{"rendered":"<p>2.0 Combi bag er en bag som ogs\u00e5 fungerer som en ryggsekk og dermed gir et bredt spekter av bruksomr\u00e5der. H\u00e5ndtak p\u00e5 toppen og i front. Skulderstropper med to D-ringer og en brystreim som gir stabilitet n\u00e5r du er p\u00e5 farten. To store sidelommer med glidel\u00e5s, en isolert &#8211; perfekt for kald drikke og mat. Stor u-formet glidel\u00e5s for enkel tilgang og rask pakking. Et ventilert sko \/ h\u00e5ndklerom. Topplomme med glidel\u00e5s med n\u00f8kkelringkrok. En skjult sikkerhetslomme bak skulderstroppene og en stor sidelomme av mesh. Inkluderer reflekterende detaljer.Volum: Ca. 50 liter Lengde 34 cmH\u00f8yde 56 cm Bredde 28 cm<\/p>\n","protected":false},"featured_media":14176,"template":"","meta":[],"product_cat":[364,349,348],"product_tag":[],"_links":{"self":[{"href":"https:\/\/store.rektor.no\/index.php?rest_route=\/wp\/v2\/product\/14175"}],"collection":[{"href":"https:\/\/store.rektor.no\/index.php?rest_route=\/wp\/v2\/product"}],"about":[{"href":"https:\/\/store.rektor.no\/index.php?rest_route=\/wp\/v2\/types\/product"}],"wp:featuredmedia":[{"embeddable":true,"href":"https:\/\/store.rektor.no\/index.php?rest_route=\/wp\/v2\/media\/14176"}],"wp:attachment":[{"href":"https:\/\/store.rektor.no\/index.php?rest_route=%2Fwp%2Fv2%2Fmedia&parent=14175"}],"wp:term":[{"taxonomy":"product_cat","embeddable":true,"href":"https:\/\/store.rektor.no\/index.php?rest_route=%2Fwp%2Fv2%2Fproduct_cat&post=14175"},{"taxonomy":"product_tag","embeddable":true,"href":"https:\/\/store.rektor.no\/index.php?rest_route=%2Fwp%2Fv2%2Fproduct_tag&post=14175"}],"curies":[{"name":"wp","href":"https:\/\/api.w.org\/{rel}","templated":true}]}}