{"id":1155,"date":"2023-05-12T13:04:58","date_gmt":"2023-05-12T13:04:58","guid":{"rendered":"https:\/\/store.rektor.no\/?product=willmar-junior-0200963"},"modified":"2023-06-02T13:04:52","modified_gmt":"2023-06-02T13:04:52","slug":"willmar-junior-0200963","status":"publish","type":"product","link":"https:\/\/store.rektor.no\/?product=willmar-junior-0200963","title":{"rendered":"Willmar Junior &#8211; 0200963"},"content":{"rendered":"<p>Artikelnummer:0200963<\/p>\n","protected":false},"excerpt":{"rendered":"<p>Reflekterende vindjakke med barnesikker avtagbar hette. Bird Eye-f\u00f4r i hetten og armhulene gir \u00f8kt komfort og pusteevne. To utvendige lommer med glidel\u00e5s og to innerlommer.  Reflekterende vindjakke med hette. Bird Eye-f\u00f4r i hetten og armhulene gir \u00f8kt komfort og pusteevne. Tre utvendige lommer med glidel\u00e5s og to innerlommer. Kontrastfarget teip rundt hette, nederkant og ermeavslutning.<\/p>\n","protected":false},"featured_media":1156,"template":"","meta":[],"product_cat":[106,107,114],"product_tag":[],"_links":{"self":[{"href":"https:\/\/store.rektor.no\/index.php?rest_route=\/wp\/v2\/product\/1155"}],"collection":[{"href":"https:\/\/store.rektor.no\/index.php?rest_route=\/wp\/v2\/product"}],"about":[{"href":"https:\/\/store.rektor.no\/index.php?rest_route=\/wp\/v2\/types\/product"}],"wp:featuredmedia":[{"embeddable":true,"href":"https:\/\/store.rektor.no\/index.php?rest_route=\/wp\/v2\/media\/1156"}],"wp:attachment":[{"href":"https:\/\/store.rektor.no\/index.php?rest_route=%2Fwp%2Fv2%2Fmedia&parent=1155"}],"wp:term":[{"taxonomy":"product_cat","embeddable":true,"href":"https:\/\/store.rektor.no\/index.php?rest_route=%2Fwp%2Fv2%2Fproduct_cat&post=1155"},{"taxonomy":"product_tag","embeddable":true,"href":"https:\/\/store.rektor.no\/index.php?rest_route=%2Fwp%2Fv2%2Fproduct_tag&post=1155"}],"curies":[{"name":"wp","href":"https:\/\/api.w.org\/{rel}","templated":true}]}}